ivided by 43.
40
Calculate the remainder when 10660 is divided by 379.
48
Calculate the remainder when 600 is divided by 328.
272
What is the remainder when 1732 is divided by 1273?
459
What is the remainder when 457 is divided by 283?
174
Calculate the remainder when 1130274 is divided by 28.
26
What is the remainder when 21981 is divided by 786?
759
What is the remainder when 108950 is divided by 8377?
49
Calculate the remainder when 39221 is divided by 13047.
80
Calculate the remainder when 1858 is divided by 327.
223
Calculate the remainder when 9128 is divided by 63.
56
Calculate the remainder when 85582 is divided by 42649.
284
What is the remainder when 3613 is divided by 45?
13
Calculate the remainder when 9163 is divided by 2288.
11
What is the remainder when 26051 is divided by 1371?
2
What is the remainder when 116532 is divided by 116525?
7
What is the remainder when 13559 is divided by 137?
133
Calculate the remainder when 134784 is divided by 8.
0
What is the remainder when 142063 is divided by 1973?
7
What is the remainder when 166699 is divided by 348?
7
What is the remainder when 17652 is divided by 138?
126
What is the remainder when 164447 is divided by 26?
23
What is the remainder when 193987 is divided by 1021?
1018
What is the remainder when 7013 is divided by 702?
695
What is the remainder when 616 is divided by 596?
20
What is the remainder when 370 is divided by 127?
116
What is the remainder when 1123 is divided by 228?
211
Calculate the remainder when 69328 is divided by 9.
1
What is the remainder when 205205 is divided by 68394?
23
Calculate the remainder when 23629 is divided by 39.
34
What is the remainder when 671085 is divided by 48?
45
What is the remainder when 18735 is divided by 50?
35
Calculate the remainder when 73846 is divided by 1844.
86
Calculate the remainder when 155637 is divided by 329.
20
What is the remainder when 14065 is divided by 14042?
23
Calculate the remainder when 19347 is divided by 133.
62
Calculate the remainder when 1447 is divided by 1443.
4
Calculate the remainder when 14178 is divided by 367.
232
Calculate the remainder when 68303 is divided by 13602.
293
Calculate the remainder when 149125 is divided by 197.
193
What is the remainder when 117103 is divided by 16?
15
What is the remainder when 115583 is divided by 305?
293
What is the remainder when 11943 is divided by 402?
285
Calculate the remainder when 74487 is divided by 24767.
186
Calculate the remainder when 3471920 is divided by 13.
10
What is the remainder when 6010 is divided by 1986?
52
What is the remainder when 241177 is divided by 84?
13
What is the remainder when 96085 is divided by 16013?
7
What is the remainder when 15849 is divided by 178?
7
Calculate the remainder when 72367 is divided by 72339.
28
What is the remainder when 47302 is divided by 563?
10
What is the remainder when 11351 is divided by 42?
11
Calculate the remainder when 24903 is divided by 58.
21
What is the remainder when 6953 is divided by 623?
100
Calculate the remainder when 683 is divided by 24.
11
What is the remainder when 10449 is divided by 13?
10
Calculate the remainder when 1208 is divided by 1176.
32
Calculate the remainder when 1685 is divided by 18.
11
What is the remainder when 4040 is divided by 80?
40
What is the remainder when 101864 is divided by 23?
20
Calculate the remainder when 19037 is divided by 33.
29
Calculate the remainder when 4520 is divided by 897.
35
Calculate the remainder when 3264 is divided by 171.
15
Calculate the remainder when 49410 is divided by 40.
10
What is the remainder when 4930 is divided by 1560?
250
What is the remainder when 226871 is divided by 138?
137
What is the remainder when 523 is divided by 138?
109
Calculate the remainder when 49512 is divided by 2060.
72
Calculate the remainder when 579 is divided by 506.
73
What is the remainder when 107706 is divided by 17949?
12
What is the remainder when 766 is divided by 421?
345
Calculate the remainder when 112519 is divided by 153.
64
What is the remainder when 21707 is divided by 5409?
71
What is the remainder when 50973 is divided by 3185?
13
Calculate the remainder when 369348 is divided by 5.
3
What is the remainder when 265 is divided by 100?
65
Calculate the remainder when 517 is divided by 470.
47
Calculate the remainder when 5899 is divided by 2778.
343
Calculate the remainder when 108015 is divided by 155.
135
What is the remainder when 5769 is divided by 89?
73
What is the remainder when 27900 is divided by 9296?
12
What is the remainder when 391290 is divided by 15651?
15
What is the remainder when 66027 is divided by 121?
82
Calculate the remainder when 41986 is divided by 47.
15
What is the remainder when 3332 is divided by 3331?
1
What is the remainder when 19984 is divided by 100?
84
What is the remainder when 17983 is divided by 83?
55
Calculate the remainder when 1192537 is divided by 596268.
1
Calculate the remainder when 397467 is divided by 16.
11
Calculate the remainder when 107892 is divided by 1860.
12
Calculate the remainder when 2318 is divided by 2288.
30
Calculate the remainder when 3140 is divided by 1028.
56
Calculate the remainder when 6957 is divided by 54.
45
Calculate the remainder when 9434 is divided by 798.
656
Calculate the remainder when 23465 is divided by 1803.
26
What is the remainder when 9088 is divided by 233?
1
Calculate the remainder when 11241 is divided by 3738.
27
What is the remainder when 7637 is divided by 1319?
1042
Calculate the remainder when 51454 is divided by 251.
250
What is the remainder when 40465 is divided by 378?
19
Calculate the remainder when 2829 is divided by 520.
229
What is the remainder when 62541 is divided by 977?
13
What is the remainder when 4473 is divided by 75?
48
What is the remainder when 47886 is divided by 977?
13
Calculate the remainder when 64054 is divided by 174.
22
Calculate the remainder when 214177 is divided by 264.
73
Calculate the remainder when 3010 is divided by 423.
49
What is the remainder when 172178 is divided by 122?
36
What is the remainder when 194617 is divided by 2702?
73
Calculate the remainder when 46104 is divided by 249.
39
What is the remainder when 7737 is divided by 106?
105
What is the remainder when 920 is divided by 891?
29
Calculate the remainder when 18519 is divided by 85.
74
What is the remainder when 16182 is divided by 54?
36
Calculate the remainder when 6698 is divided by 884.
510
What is the remainder when 755 is divided by 602?
153
Calculate the remainder when 68077 is divided by 3782.
1
What is the remainder when 49996 is divided by 24994?
8
What is the remainder when 1331 is divided by 620?
91
Calculate the remainder when 2590 is divided by 1224.
142
Calculate the remainder when 38983 is divided by 12991.
10
What is the remainder when 5370 is divided by 97?
35
Calculate the remainder when 34358 is divided by 330.
38
Calculate the remainder when 30423 is divided by 4344.
15
What is the remainder when 332652 is divided by 36952?
84
What is the remainder when 340553 is divided by 13?
5
What is the remainder when 525995 is divided by 36?
35
What is the remainder when 15424 is divided by 2568?
16
What is the remainder when 46275 is divided by 601?
599
Calculate the remainder when 2762 is divided by 232.
210
Calculate the remainder when 8588 is divided by 4274.
40
Calculate the remainder when 71803 is divided by 88.
83
What is the remainder when 215873 is divided by 5?
3
What is the remainder when 3137 is divided by 22?
13
What is the remainder when 2663 is divided by 336?
311
What is the remainder when 16918 is divided by 40?
38
What is the remainder when 497629 is divided by 47?
40
What is the remainder when 13979 is divided by 51?
5
Calculate the remainder when 163335 is divided by 19.
11
Calculate the remainder when 17095 is divided by 17090.
5
What is the remainder when 1360 is divided by 35?
30
Calculate the remainder when 8234 is divided by 235.
9
What is the remainder when 18452 is divided by 768?
20
Calculate the remainder when 19287 is divided by 1127.
128
Calculate the remainder when 464 is divided by 156.
152
What is the remainder when 4595 is divided by 1150?
1145
What is the remainder when 5904 is divided by 1174?
34